{"id":417,"date":"2026-05-20T11:33:39","date_gmt":"2026-05-20T11:33:39","guid":{"rendered":"https:\/\/davidmaranius.ch\/?post_type=product&#038;p=417"},"modified":"2026-07-19T19:58:09","modified_gmt":"2026-07-19T19:58:09","slug":"chakra-salbei-raeucherbuendel","status":"publish","type":"product","link":"https:\/\/davidmaranius.ch\/index.php\/produkt\/chakra-salbei-raeucherbuendel\/","title":{"rendered":"Chakra Salbei &#8211; R\u00e4ucherb\u00fcndel"},"content":{"rendered":"<p data-start=\"632\" data-end=\"652\"><strong data-start=\"634\" data-end=\"652\">Produktdetails<\/strong><\/p>\n<ul data-start=\"653\" data-end=\"880\">\n<li data-section-id=\"1gj9yr9\" data-start=\"722\" data-end=\"742\">L\u00e4nge: ca. 10 cm<\/li>\n<li data-section-id=\"1fglcyz\" data-start=\"743\" data-end=\"775\">Handgebundenes R\u00e4ucherb\u00fcndel<\/li>\n<li data-section-id=\"1xyjz8q\" data-start=\"776\" data-end=\"847\">Ideal zur energetischen Reinigung von R\u00e4umen, Meditation &amp; Ritualen<\/li>\n<li data-section-id=\"6o9qrj\" data-start=\"848\" data-end=\"880\">Angenehmer, nat\u00fcrlicher Duft<\/li>\n<\/ul>\n<p>Herkunft: Mexiko<\/p>\n<p><strong data-start=\"885\" data-end=\"898\">Anwendung<\/strong><\/p>\n<p data-start=\"882\" data-end=\"1112\">Das B\u00fcndel vorsichtig anz\u00fcnden, die Flamme kurz brennen lassen und anschlie\u00dfend auspusten. Der sanfte Rauch eignet sich perfekt zur Raumreinigung, f\u00fcr Meditationen oder um eine entspannte Atmosph\u00e4re zu schaffen.<\/p>\n<p data-start=\"1114\" data-end=\"1223\" data-is-last-node=\"\" data-is-only-node=\"\">Ein wundersch\u00f6nes Geschenk f\u00fcr spirituelle Rituale, Yoga, Meditation oder einfach f\u00fcr mehr Balance im Alltag.<\/p>\n","protected":false},"excerpt":{"rendered":"<p>Wei\u00dfer Salbei mit eingeflochtenen Rosenbl\u00e4ttern in Chakra-Farben.<\/p>\n","protected":false},"featured_media":418,"comment_status":"open","ping_status":"closed","template":"","meta":[],"product_brand":[],"product_cat":[24],"product_tag":[80,81,25,79],"class_list":["post-417","product","type-product","status-publish","has-post-thumbnail","product_cat-naturprodukte","product_tag-buendel","product_tag-chakra","product_tag-raeuchern","product_tag-salbei","first","instock","shipping-taxable","purchasable","product-type-simple"],"yoast_head":"<!-- This site is optimized with the Yoast SEO plugin v28.4 - https:\/\/yoast.com\/product\/yoast-seo-wordpress\/ -->\n<title>Chakra Salbei - R\u00e4ucherb\u00fcndel - Davidmaranius<\/title>\n<meta name=\"description\" content=\"Wei\u00dfer Salbei mit eingeflochtenen Rosenbl\u00e4ttern in Chakra-Farben. Das B\u00fcndel vorsichtig anz\u00fcnden, die Flamme kurz brennen lassen und anschlie\u00dfend auspusten.\" \/>\n<meta name=\"robots\" content=\"index, follow, max-snippet:-1, max-image-preview:large, max-video-preview:-1\" \/>\n<link rel=\"canonical\" href=\"https:\/\/davidmaranius.ch\/index.php\/produkt\/chakra-salbei-raeucherbuendel\/\" \/>\n<meta property=\"og:locale\" content=\"de_DE\" \/>\n<meta property=\"og:type\" content=\"article\" \/>\n<meta property=\"og:title\" content=\"Chakra Salbei - R\u00e4ucherb\u00fcndel - Davidmaranius\" \/>\n<meta property=\"og:description\" content=\"Wei\u00dfer Salbei mit eingeflochtenen Rosenbl\u00e4ttern in Chakra-Farben. Das B\u00fcndel vorsichtig anz\u00fcnden, die Flamme kurz brennen lassen und anschlie\u00dfend auspusten.\" \/>\n<meta property=\"og:url\" content=\"https:\/\/davidmaranius.ch\/index.php\/produkt\/chakra-salbei-raeucherbuendel\/\" \/>\n<meta property=\"og:site_name\" content=\"Davidmaranius\" \/>\n<meta property=\"article:modified_time\" content=\"2026-07-19T19:58:09+00:00\" \/>\n<meta property=\"og:image\" content=\"https:\/\/davidmaranius.ch\/wp-content\/uploads\/2026\/05\/ChatGPT-Image-20.-Mai-2026-13_23_40.jpg\" \/>\n\t<meta property=\"og:image:width\" content=\"1254\" \/>\n\t<meta property=\"og:image:height\" content=\"1254\" \/>\n\t<meta property=\"og:image:type\" content=\"image\/jpeg\" \/>\n<meta name=\"twitter:card\" content=\"summary_large_image\" \/>\n<meta name=\"twitter:label1\" content=\"Gesch\u00e4tzte Lesezeit\" \/>\n\t<meta name=\"twitter:data1\" content=\"1\u00a0Minute\" \/>\n<script type=\"application\/ld+json\" class=\"yoast-schema-graph\">{\"@context\":\"https:\\\/\\\/schema.org\",\"@graph\":[{\"@type\":\"WebPage\",\"@id\":\"https:\\\/\\\/davidmaranius.ch\\\/index.php\\\/produkt\\\/chakra-salbei-raeucherbuendel\\\/\",\"url\":\"https:\\\/\\\/davidmaranius.ch\\\/index.php\\\/produkt\\\/chakra-salbei-raeucherbuendel\\\/\",\"name\":\"Chakra Salbei - R\u00e4ucherb\u00fcndel - Davidmaranius\",\"isPartOf\":{\"@id\":\"https:\\\/\\\/davidmaranius.ch\\\/#website\"},\"primaryImageOfPage\":{\"@id\":\"https:\\\/\\\/davidmaranius.ch\\\/index.php\\\/produkt\\\/chakra-salbei-raeucherbuendel\\\/#primaryimage\"},\"image\":{\"@id\":\"https:\\\/\\\/davidmaranius.ch\\\/index.php\\\/produkt\\\/chakra-salbei-raeucherbuendel\\\/#primaryimage\"},\"thumbnailUrl\":\"https:\\\/\\\/davidmaranius.ch\\\/wp-content\\\/uploads\\\/2026\\\/05\\\/ChatGPT-Image-20.-Mai-2026-13_23_40.jpg\",\"datePublished\":\"2026-05-20T11:33:39+00:00\",\"dateModified\":\"2026-07-19T19:58:09+00:00\",\"description\":\"Wei\u00dfer Salbei mit eingeflochtenen Rosenbl\u00e4ttern in Chakra-Farben. Das B\u00fcndel vorsichtig anz\u00fcnden, die Flamme kurz brennen lassen und anschlie\u00dfend auspusten.\",\"breadcrumb\":{\"@id\":\"https:\\\/\\\/davidmaranius.ch\\\/index.php\\\/produkt\\\/chakra-salbei-raeucherbuendel\\\/#breadcrumb\"},\"inLanguage\":\"de\",\"potentialAction\":[{\"@type\":\"ReadAction\",\"target\":[\"https:\\\/\\\/davidmaranius.ch\\\/index.php\\\/produkt\\\/chakra-salbei-raeucherbuendel\\\/\"]}]},{\"@type\":\"ImageObject\",\"inLanguage\":\"de\",\"@id\":\"https:\\\/\\\/davidmaranius.ch\\\/index.php\\\/produkt\\\/chakra-salbei-raeucherbuendel\\\/#primaryimage\",\"url\":\"https:\\\/\\\/davidmaranius.ch\\\/wp-content\\\/uploads\\\/2026\\\/05\\\/ChatGPT-Image-20.-Mai-2026-13_23_40.jpg\",\"contentUrl\":\"https:\\\/\\\/davidmaranius.ch\\\/wp-content\\\/uploads\\\/2026\\\/05\\\/ChatGPT-Image-20.-Mai-2026-13_23_40.jpg\",\"width\":1254,\"height\":1254},{\"@type\":\"BreadcrumbList\",\"@id\":\"https:\\\/\\\/davidmaranius.ch\\\/index.php\\\/produkt\\\/chakra-salbei-raeucherbuendel\\\/#breadcrumb\",\"itemListElement\":[{\"@type\":\"ListItem\",\"position\":1,\"name\":\"Start\",\"item\":\"https:\\\/\\\/davidmaranius.ch\\\/\"},{\"@type\":\"ListItem\",\"position\":2,\"name\":\"Produkte\",\"item\":\"https:\\\/\\\/davidmaranius.ch\\\/index.php\\\/shop\\\/\"},{\"@type\":\"ListItem\",\"position\":3,\"name\":\"Chakra Salbei &#8211; R\u00e4ucherb\u00fcndel\"}]},{\"@type\":\"WebSite\",\"@id\":\"https:\\\/\\\/davidmaranius.ch\\\/#website\",\"url\":\"https:\\\/\\\/davidmaranius.ch\\\/\",\"name\":\"Davidmaranius\",\"description\":\"\",\"publisher\":{\"@id\":\"https:\\\/\\\/davidmaranius.ch\\\/#organization\"},\"potentialAction\":[{\"@type\":\"SearchAction\",\"target\":{\"@type\":\"EntryPoint\",\"urlTemplate\":\"https:\\\/\\\/davidmaranius.ch\\\/?s={search_term_string}\"},\"query-input\":{\"@type\":\"PropertyValueSpecification\",\"valueRequired\":true,\"valueName\":\"search_term_string\"}}],\"inLanguage\":\"de\"},{\"@type\":\"Organization\",\"@id\":\"https:\\\/\\\/davidmaranius.ch\\\/#organization\",\"name\":\"Davidmaranius\",\"url\":\"https:\\\/\\\/davidmaranius.ch\\\/\",\"logo\":{\"@type\":\"ImageObject\",\"inLanguage\":\"de\",\"@id\":\"https:\\\/\\\/davidmaranius.ch\\\/#\\\/schema\\\/logo\\\/image\\\/\",\"url\":\"https:\\\/\\\/davidmaranius.ch\\\/wp-content\\\/uploads\\\/2026\\\/03\\\/logo-uhu.png\",\"contentUrl\":\"https:\\\/\\\/davidmaranius.ch\\\/wp-content\\\/uploads\\\/2026\\\/03\\\/logo-uhu.png\",\"width\":2560,\"height\":2560,\"caption\":\"Davidmaranius\"},\"image\":{\"@id\":\"https:\\\/\\\/davidmaranius.ch\\\/#\\\/schema\\\/logo\\\/image\\\/\"},\"sameAs\":[\"https:\\\/\\\/www.instagram.com\\\/_davidmaranius_\\\/\"]}]}<\/script>\n<!-- \/ Yoast SEO plugin. -->","yoast_head_json":{"title":"Chakra Salbei - R\u00e4ucherb\u00fcndel - Davidmaranius","description":"Wei\u00dfer Salbei mit eingeflochtenen Rosenbl\u00e4ttern in Chakra-Farben. Das B\u00fcndel vorsichtig anz\u00fcnden, die Flamme kurz brennen lassen und anschlie\u00dfend auspusten.","robots":{"index":"index","follow":"follow","max-snippet":"max-snippet:-1","max-image-preview":"max-image-preview:large","max-video-preview":"max-video-preview:-1"},"canonical":"https:\/\/davidmaranius.ch\/index.php\/produkt\/chakra-salbei-raeucherbuendel\/","og_locale":"de_DE","og_type":"article","og_title":"Chakra Salbei - R\u00e4ucherb\u00fcndel - Davidmaranius","og_description":"Wei\u00dfer Salbei mit eingeflochtenen Rosenbl\u00e4ttern in Chakra-Farben. Das B\u00fcndel vorsichtig anz\u00fcnden, die Flamme kurz brennen lassen und anschlie\u00dfend auspusten.","og_url":"https:\/\/davidmaranius.ch\/index.php\/produkt\/chakra-salbei-raeucherbuendel\/","og_site_name":"Davidmaranius","article_modified_time":"2026-07-19T19:58:09+00:00","og_image":[{"width":1254,"height":1254,"url":"https:\/\/davidmaranius.ch\/wp-content\/uploads\/2026\/05\/ChatGPT-Image-20.-Mai-2026-13_23_40.jpg","type":"image\/jpeg"}],"twitter_card":"summary_large_image","twitter_misc":{"Gesch\u00e4tzte Lesezeit":"1\u00a0Minute"},"schema":{"@context":"https:\/\/schema.org","@graph":[{"@type":"WebPage","@id":"https:\/\/davidmaranius.ch\/index.php\/produkt\/chakra-salbei-raeucherbuendel\/","url":"https:\/\/davidmaranius.ch\/index.php\/produkt\/chakra-salbei-raeucherbuendel\/","name":"Chakra Salbei - R\u00e4ucherb\u00fcndel - Davidmaranius","isPartOf":{"@id":"https:\/\/davidmaranius.ch\/#website"},"primaryImageOfPage":{"@id":"https:\/\/davidmaranius.ch\/index.php\/produkt\/chakra-salbei-raeucherbuendel\/#primaryimage"},"image":{"@id":"https:\/\/davidmaranius.ch\/index.php\/produkt\/chakra-salbei-raeucherbuendel\/#primaryimage"},"thumbnailUrl":"https:\/\/davidmaranius.ch\/wp-content\/uploads\/2026\/05\/ChatGPT-Image-20.-Mai-2026-13_23_40.jpg","datePublished":"2026-05-20T11:33:39+00:00","dateModified":"2026-07-19T19:58:09+00:00","description":"Wei\u00dfer Salbei mit eingeflochtenen Rosenbl\u00e4ttern in Chakra-Farben. Das B\u00fcndel vorsichtig anz\u00fcnden, die Flamme kurz brennen lassen und anschlie\u00dfend auspusten.","breadcrumb":{"@id":"https:\/\/davidmaranius.ch\/index.php\/produkt\/chakra-salbei-raeucherbuendel\/#breadcrumb"},"inLanguage":"de","potentialAction":[{"@type":"ReadAction","target":["https:\/\/davidmaranius.ch\/index.php\/produkt\/chakra-salbei-raeucherbuendel\/"]}]},{"@type":"ImageObject","inLanguage":"de","@id":"https:\/\/davidmaranius.ch\/index.php\/produkt\/chakra-salbei-raeucherbuendel\/#primaryimage","url":"https:\/\/davidmaranius.ch\/wp-content\/uploads\/2026\/05\/ChatGPT-Image-20.-Mai-2026-13_23_40.jpg","contentUrl":"https:\/\/davidmaranius.ch\/wp-content\/uploads\/2026\/05\/ChatGPT-Image-20.-Mai-2026-13_23_40.jpg","width":1254,"height":1254},{"@type":"BreadcrumbList","@id":"https:\/\/davidmaranius.ch\/index.php\/produkt\/chakra-salbei-raeucherbuendel\/#breadcrumb","itemListElement":[{"@type":"ListItem","position":1,"name":"Start","item":"https:\/\/davidmaranius.ch\/"},{"@type":"ListItem","position":2,"name":"Produkte","item":"https:\/\/davidmaranius.ch\/index.php\/shop\/"},{"@type":"ListItem","position":3,"name":"Chakra Salbei &#8211; R\u00e4ucherb\u00fcndel"}]},{"@type":"WebSite","@id":"https:\/\/davidmaranius.ch\/#website","url":"https:\/\/davidmaranius.ch\/","name":"Davidmaranius","description":"","publisher":{"@id":"https:\/\/davidmaranius.ch\/#organization"},"potentialAction":[{"@type":"SearchAction","target":{"@type":"EntryPoint","urlTemplate":"https:\/\/davidmaranius.ch\/?s={search_term_string}"},"query-input":{"@type":"PropertyValueSpecification","valueRequired":true,"valueName":"search_term_string"}}],"inLanguage":"de"},{"@type":"Organization","@id":"https:\/\/davidmaranius.ch\/#organization","name":"Davidmaranius","url":"https:\/\/davidmaranius.ch\/","logo":{"@type":"ImageObject","inLanguage":"de","@id":"https:\/\/davidmaranius.ch\/#\/schema\/logo\/image\/","url":"https:\/\/davidmaranius.ch\/wp-content\/uploads\/2026\/03\/logo-uhu.png","contentUrl":"https:\/\/davidmaranius.ch\/wp-content\/uploads\/2026\/03\/logo-uhu.png","width":2560,"height":2560,"caption":"Davidmaranius"},"image":{"@id":"https:\/\/davidmaranius.ch\/#\/schema\/logo\/image\/"},"sameAs":["https:\/\/www.instagram.com\/_davidmaranius_\/"]}]}},"_links":{"self":[{"href":"https:\/\/davidmaranius.ch\/index.php\/wp-json\/wp\/v2\/product\/417","targetHints":{"allow":["GET"]}}],"collection":[{"href":"https:\/\/davidmaranius.ch\/index.php\/wp-json\/wp\/v2\/product"}],"about":[{"href":"https:\/\/davidmaranius.ch\/index.php\/wp-json\/wp\/v2\/types\/product"}],"replies":[{"embeddable":true,"href":"https:\/\/davidmaranius.ch\/index.php\/wp-json\/wp\/v2\/comments?post=417"}],"wp:featuredmedia":[{"embeddable":true,"href":"https:\/\/davidmaranius.ch\/index.php\/wp-json\/wp\/v2\/media\/418"}],"wp:attachment":[{"href":"https:\/\/davidmaranius.ch\/index.php\/wp-json\/wp\/v2\/media?parent=417"}],"wp:term":[{"taxonomy":"product_brand","embeddable":true,"href":"https:\/\/davidmaranius.ch\/index.php\/wp-json\/wp\/v2\/product_brand?post=417"},{"taxonomy":"product_cat","embeddable":true,"href":"https:\/\/davidmaranius.ch\/index.php\/wp-json\/wp\/v2\/product_cat?post=417"},{"taxonomy":"product_tag","embeddable":true,"href":"https:\/\/davidmaranius.ch\/index.php\/wp-json\/wp\/v2\/product_tag?post=417"}],"curies":[{"name":"wp","href":"https:\/\/api.w.org\/{rel}","templated":true}]}}

Chakra Salbei &#8211; Räucherbündel

<p data-start="632" data-end="652"><strong data-start="634" data-end="652">Produktdetails</strong></p>
<ul data-start="653" data-end="880">
<li data-section-id="1gj9yr9" data-start="722" data-end="742">Länge: ca. 10 cm</li>
<li data-section-id="1fglcyz" data-start="743" data-end="775">Handgebundenes Räucherbündel</li>
<li data-section-id="1xyjz8q" data-start="776" data-end="847">Ideal zur energetischen Reinigung von Räumen, Meditation &amp; Ritualen</li>
<li data-section-id="6o9qrj" data-start="848" data-end="880">Angenehmer, natürlicher Duft</li>
</ul>
<p>Herkunft: Mexiko</p>
<p><strong data-start="885" data-end="898">Anwendung</strong></p>
<p data-start="882" data-end="1112">Das Bündel vorsichtig anzünden, die Flamme kurz brennen lassen und anschließend auspusten. Der sanfte Rauch eignet sich perfekt zur Raumreinigung, für Meditationen oder um eine entspannte Atmosphäre zu schaffen.</p>
<p data-start="1114" data-end="1223" data-is-last-node="" data-is-only-node="">Ein wunderschönes Geschenk für spirituelle Rituale, Yoga, Meditation oder einfach für mehr Balance im Alltag.</p>

<p>Weißer Salbei mit eingeflochtenen Rosenblättern in Chakra-Farben.</p>

<!-- This site is optimized with the Yoast SEO plugin v28.4 - https://yoast.com/product/yoast-seo-wordpress/ -->
<title>Chakra Salbei - Räucherbündel - Davidmaranius</title>
<meta name="description" content="Weißer Salbei mit eingeflochtenen Rosenblättern in Chakra-Farben. Das Bündel vorsichtig anzünden, die Flamme kurz brennen lassen und anschließend auspusten." />
<meta name="robots" content="index, follow, max-snippet:-1, max-image-preview:large, max-video-preview:-1" />
<link rel="canonical" href="https://davidmaranius.ch/index.php/produkt/chakra-salbei-raeucherbuendel/" />
<meta property="og:locale" content="de_DE" />
<meta property="og:type" content="article" />
<meta property="og:title" content="Chakra Salbei - Räucherbündel - Davidmaranius" />
<meta property="og:description" content="Weißer Salbei mit eingeflochtenen Rosenblättern in Chakra-Farben. Das Bündel vorsichtig anzünden, die Flamme kurz brennen lassen und anschließend auspusten." />
<meta property="og:url" content="https://davidmaranius.ch/index.php/produkt/chakra-salbei-raeucherbuendel/" />
<meta property="og:site_name" content="Davidmaranius" />
<meta property="article:modified_time" content="2026-07-19T19:58:09+00:00" />
<meta property="og:image" content="https://davidmaranius.ch/wp-content/uploads/2026/05/ChatGPT-Image-20.-Mai-2026-13_23_40.jpg" />
	<meta property="og:image:width" content="1254" />
	<meta property="og:image:height" content="1254" />
	<meta property="og:image:type" content="image/jpeg" />
<meta name="twitter:card" content="summary_large_image" />
<meta name="twitter:label1" content="Geschätzte Lesezeit" />
	<meta name="twitter:data1" content="1 Minute" />
<script type="application/ld+json" class="yoast-schema-graph">{"@context":"https:\/\/schema.org","@graph":[{"@type":"WebPage","@id":"https:\/\/davidmaranius.ch\/index.php\/produkt\/chakra-salbei-raeucherbuendel\/","url":"https:\/\/davidmaranius.ch\/index.php\/produkt\/chakra-salbei-raeucherbuendel\/","name":"Chakra Salbei - Räucherbündel - Davidmaranius","isPartOf":{"@id":"https:\/\/davidmaranius.ch\/#website"},"primaryImageOfPage":{"@id":"https:\/\/davidmaranius.ch\/index.php\/produkt\/chakra-salbei-raeucherbuendel\/#primaryimage"},"image":{"@id":"https:\/\/davidmaranius.ch\/index.php\/produkt\/chakra-salbei-raeucherbuendel\/#primaryimage"},"thumbnailUrl":"https:\/\/davidmaranius.ch\/wp-content\/uploads\/2026\/05\/ChatGPT-Image-20.-Mai-2026-13_23_40.jpg","datePublished":"2026-05-20T11:33:39+00:00","dateModified":"2026-07-19T19:58:09+00:00","description":"Weißer Salbei mit eingeflochtenen Rosenblättern in Chakra-Farben. Das Bündel vorsichtig anzünden, die Flamme kurz brennen lassen und anschließend auspusten.","breadcrumb":{"@id":"https:\/\/davidmaranius.ch\/index.php\/produkt\/chakra-salbei-raeucherbuendel\/#breadcrumb"},"inLanguage":"de","potentialAction":[{"@type":"ReadAction","target":["https:\/\/davidmaranius.ch\/index.php\/produkt\/chakra-salbei-raeucherbuendel\/"]}]},{"@type":"ImageObject","inLanguage":"de","@id":"https:\/\/davidmaranius.ch\/index.php\/produkt\/chakra-salbei-raeucherbuendel\/#primaryimage","url":"https:\/\/davidmaranius.ch\/wp-content\/uploads\/2026\/05\/ChatGPT-Image-20.-Mai-2026-13_23_40.jpg","contentUrl":"https:\/\/davidmaranius.ch\/wp-content\/uploads\/2026\/05\/ChatGPT-Image-20.-Mai-2026-13_23_40.jpg","width":1254,"height":1254},{"@type":"BreadcrumbList","@id":"https:\/\/davidmaranius.ch\/index.php\/produkt\/chakra-salbei-raeucherbuendel\/#breadcrumb","itemListElement":[{"@type":"ListItem","position":1,"name":"Start","item":"https:\/\/davidmaranius.ch\/"},{"@type":"ListItem","position":2,"name":"Produkte","item":"https:\/\/davidmaranius.ch\/index.php\/shop\/"},{"@type":"ListItem","position":3,"name":"Chakra Salbei &#8211; Räucherbündel"}]},{"@type":"WebSite","@id":"https:\/\/davidmaranius.ch\/#website","url":"https:\/\/davidmaranius.ch\/","name":"Davidmaranius","description":"","publisher":{"@id":"https:\/\/davidmaranius.ch\/#organization"},"potentialAction":[{"@type":"SearchAction","target":{"@type":"EntryPoint","urlTemplate":"https:\/\/davidmaranius.ch\/?s={search_term_string}"},"query-input":{"@type":"PropertyValueSpecification","valueRequired":true,"valueName":"search_term_string"}}],"inLanguage":"de"},{"@type":"Organization","@id":"https:\/\/davidmaranius.ch\/#organization","name":"Davidmaranius","url":"https:\/\/davidmaranius.ch\/","logo":{"@type":"ImageObject","inLanguage":"de","@id":"https:\/\/davidmaranius.ch\/#\/schema\/logo\/image\/","url":"https:\/\/davidmaranius.ch\/wp-content\/uploads\/2026\/03\/logo-uhu.png","contentUrl":"https:\/\/davidmaranius.ch\/wp-content\/uploads\/2026\/03\/logo-uhu.png","width":2560,"height":2560,"caption":"Davidmaranius"},"image":{"@id":"https:\/\/davidmaranius.ch\/#\/schema\/logo\/image\/"},"sameAs":["https:\/\/www.instagram.com\/_davidmaranius_\/"]}]}</script>
<!-- / Yoast SEO plugin. -->

Chakra Salbei - Räucherbündel - Davidmaranius

Weißer Salbei mit eingeflochtenen Rosenblättern in Chakra-Farben. Das Bündel vorsichtig anzünden, die Flamme kurz brennen lassen und anschließend auspusten.
